at is 1555 + 253111?
255110
In base 11, what is 22188aa - 12?
2218898
In base 4, what is -301222312 + 1232?
-301221020
In base 11, what is a38 - -31?
a69
In base 2, what is 100000001 - -110011010101011?
110011110101100
In base 14, what is 49 - -88237?
88282
In base 4, what is 1112200 + 13212022?
20330222
In base 4, what is -211130303313220 + 3?
-211130303313211
In base 13, what is 52b - -285c?
308a
In base 9, what is 5 - -3205321?
3205326
In base 9, what is 46 - -465525?
465572
In base 13, what is 3 + 8cacc3?
8cacc6
In base 12, what is 10 + 265a8633?
265a8643
In base 8, what is -14617 + -2070?
-16707
In base 2, what is -10111100 - -1001111001010?
1001100001110
In base 12, what is 2620 + -2138?
4a4
In base 12, what is -18439151a + 0?
-18439151a
In base 14, what is 3 - -479055?
479058
In base 2, what is -110111011101101101 + 10101001101?
-110111001000100000
In base 10, what is 16 + -186936?
-186920
In base 12, what is -20 - 4634997?
-46349b7
In base 4, what is -2122302221 + 32?
-2122302123
In base 15, what is -13129 - -75?
-130a4
In base 9, what is 857648 + -1556?
856082
In base 6, what is 2131010 - 5?
2131001
In base 9, what is -865 - 13602?
-14567
In base 10, what is -71 - -49100?
49029
In base 8, what is -5117 - 37331?
-44450
In base 12, what is -6936701 + 21?
-69366a0
In base 13, what is 38b912 + -1?
38b911
In base 10, what is -13708692 - 1?
-13708693
In base 9, what is -2880701 + 20?
-2880671
In base 4, what is -1020123022 - -231?
-1020122131
In base 2, what is 1100101001100100001111010 - 100?
1100101001100100001110110
In base 12, what is -55a96 - -b5?
-559a1
In base 3, what is -11 + 1012112210020?
1012112210002
In base 7, what is 122 + 4346306?
4346431
In base 5, what is -204043 + 20312?
-133231
In base 10, what is -10008608 - -36?
-10008572
In base 5, what is 33100122342 - -3?
33100122400
In base 5, what is -24120 + 3423204?
3344034
In base 16, what is cf1dee + -61?
cf1d8d
In base 6, what is 3203 - -310224?
313431
In base 12, what is 4 + 1048673?
1048677
In base 3, what is -11102201 - 10111221101?
-10200101002
In base 3, what is -22111021 + 2112100?
-12221221
In base 4, what is 100112311113 + -102?
100112311011
In base 9, what is 1107080 - -72?
1107162
In base 14, what is 39961b4 - -28?
39961dc
In base 10, what is 3449886 - 1?
3449885
In base 14, what is 1c0ba + 3a?
1c116
In base 13, what is 782 + 4621?
50a3
In base 7, what is 466110 + 352?
466462
In base 9, what is -4553720 + 4?
-4553715
In base 4, what is 1 - 3301222330?
-3301222323
In base 16, what is 1c68 - -1adb8?
1ca20
In base 8, what is 11206 + -75344?
-64136
In base 11, what is 0 - -79821234?
79821234
In base 2, what is 100100010100101100001 + -11?
100100010100101011110
In base 6, what is 1100 - 1035324?
-1034224
In base 5, what is -21 - 3233121103?
-3233121124
In base 9, what is 0 - -4704375?
4704375
In base 6, what is -220033454 + -3?
-220033501
In base 5, what is 2322 + -23221034?
-23213212
In base 8, what is 25334 - 10103?
15231
In base 8, what is 6 + -2734177?
-2734171
In base 13, what is -3 + -1a82b35?
-1a82b38
In base 2, what is 111001110101110010 - 100110?
111001110101001100
In base 11, what is -53170 - 153?
-53313
In base 13, what is -1 + -61bc5c?
-61bc60
In base 8, what is -4 - -100636100?
100636074
In base 15, what is -514c1 + 4d9?
-50ed7
In base 6, what is 230 + 400214?
400444
In base 8, what is -10261 - 12376?
-22657
In base 6, what is 112 + 140114325?
140114441
In base 10, what is 139443 + -12?
139431
In base 2, what is 101110000011011000011 + -1111?
101110000011010110100
In base 4, what is 3 - 11323322122?
-11323322113
In base 3, what is 11 - 101012102120121222?
-101012102120121211
In base 4, what is -2322303333222 - -2?
-2322303333220
In base 5, what is 14240011 + -442?
14234014
In base 6, what is 111414550 - -4?
111414554
In base 2, what is 10 - 10010110100010111000101?
-10010110100010111000011
In base 10, what is -87 - 20386?
-20473
In base 4, what is -121311 - -11202022?
11020111
In base 9, what is 52 - -4668787?
4668850
In base 6, what is 11002 - 541102?
-530100
In base 16, what is 9baa6 + 1?
9baa7
In base 14, what is 1 + 15c1cc48?
15c1cc49
In base 14, what is 39a19 + 14c?
39b67
In base 3, what is 21221 - -11212021101102?
11212021200100
In base 15, what is 55 + -14d1c?
-14cb7
In base 10, what is 0 + 1438405?
1438405
In base 10, what is -587253 + -6?
-587259
In base 2, what is -1000001001101 - -110101110101?
-1011011000
In base 12, what is a2936 - 10a?
a2828
In base 15, what is -71d02 - 55?
-71d57
In base 4, what is 13103133333 - -10023?
13103210022
In base 14, what is a0c3 - b283?
-11a0
In base 8, what is -2273073705 + -1?
-2273073706
In base 4, what is 210 + -1212220001?
-1212213131
In base 16, what is 2 + -15ace6?
-15ace4
In base 2, what is -1101100111011010110110010 + -101?
-1101100111011010110110111
In base 8, what is -4047 + -22262?
-26331
In base 4, what is 100100100 - 3322?
100030112
In base 5, what is -1011 - 1413321?
-1414332
In base 11, what is 10146 - -53584?
6371a
In base 9, what is 11118 + 4868?
16087
In base 14, what is -c0a32 + 10?
-c0a22
In base 15, what is -8 + 22a89e8?
22a89e0
In base 13, what is 111b696 + 2?
111b698
In base 7, what is 60441 + 3634?
64405
In base 4, what is -132 - 202110101?
-202110233
In base 8, what is -2253 + -27231?
-31504
In base 10, what is -1682 + 112?
-1570
In base 10, what is -26872902 + 4?
-26872898
In base 3, what is 210 - -11212200220001?
11212200220211
In base 3, what is 10 + -20001020112001012?
-20001020112001002
In base 16, what is -2a - -144aada?
144aab0
In base 5, what is 414241004 + 332?
414241341
In base 3, what is -212020202000 + -12211?
-212020221211
In base 11, what is 16370 - 2971?
134aa
In base 15, what is -1 + 128a0ed?
128a0ec
In base 11, what is -43622 + 6a1?
-42a31
In base 15, what is -696c1 - -4d?
-69673
In base 16, what is 1624f - 88?
161c7
In base 9, what is 4 + 74546267?
74546272
In base 7, what is -22661050 + 33?
-22661014
In base 2, what is 111001010110110 - -1011?
111001011000001
In base 5, what is 101134 + -100343?
241
In base 13, what is -99 + 92?
-7
In base 14, what is 12601513 - 0?
12601513
In base 13, what is -8384c3c - -1?
-8384c3b
In base 11, what is 1651461 + 4?
1651465
In base 12, what is 10337 + 5a?
10395
In base 4, what is -21 + 121012113?
121012032
In base 3, what is 1012020200111 + -2002?
1012020121102
In base 5, what is -223012212332 - -2?
-223012212330
In base 2, what is -1000 - 1011000001001100011010010110?
-1011000001001100011010011110
In base 14, what is c50790 - 2?
c5078c
In base 2, what is -1000000000100011101011111 + 11?
-1000000000100011101011100
In base 11, what is -33333 + -109a?
-34422
In base 16, what is -72533 + -d7?
-7260a
In base 16, what is -5cbe - -2c80?
-303e
In base 4, what is -10 + 1010131233233?
1010131233223
In base 5, what is -10412043 - 143011?
-11110104
In base 14, what is 2b35303 - -1?
2b35304
In base 4, what is -2230313222323 - -10?
-2230313222313
In base 6, what is -2045300 - -142?
-2045114
In base 7, what is 13 + -303002404?
-303002361
In base 13, what is -8b2 - 5141?
-5a23
In base 4, what is 21331 + -10231223311?
-10231201320
In base 8, what is 36711416 + 3?
36711421
In base 7, what is -1 + -14214304160?
-14214304161
In base 13, what is 7a86a41 + -3?
7a86a3b
In base 11, what is -216 + 69734a?
697134
In base 11, what is 2 - -1241293?
1241295
In base 7, what is -6 + 234631023?
234631014
In base 14, what is 20a09d4 - 3?
20a09d1
In base 15, what is -b0500 + -5?
-b0505
In base 15, what is -6706a - 11c?
-67187
In base 7, what is 231131 + -1040?
230061
In base 11, what is 5 - -5948498?
59484a2
In base 15, what is 7 - -1c030a?
1c0312
In base 7, what is 1052234 - 16?
1052215
In base 2, what is -11101101011001000100101 - -1101?
-11101101011001000011000
In base 16, what is -91fd + -1dc?
-93d9
In base 5, what is 1423403241 + -102?
1423403134
In base 14, what is -b74 - 19bc?
-2752
In base 5, what is 10 - -44011314024?
44011314034
In base 3, what is -11 - -11211202211211?
11211202211200
In base 16, what is -4174 - -1ca5?
-24cf
In base 3, what is -1202101112 - 122?
-1202102011
In base 10, what is -1840 - -437?
-1403
In base 10, what is -4796 + 497?
-4299
In base 2, what is 1101 - -1001011101101111000?
1001011101110000101
In base 5, what is 30120122 + -4342?
30